*r = -925, -3*r = 5*p - 5*r - 913. Suppose 0 = -8*g + 385 - 89. Calculate the remainder when p is divided by g.
33
Let g(k) = 21 + 4*k**3 - 5*k**2 + k**2 - 14*k - 3*k**3. What is the remainder when 44 is divided by g(6)?
8
Let x = 0 - -1. Let i = -454 + 456. What is the remainder when i is divided by x?
0
Let m = 19 + -41. Let o = m + 47. Let q(g) = g**3 + 11*g**2 + 7*g - 21. What is the remainder when o is divided by q(-10)?
7
Let w(b) = -28*b**2 - 8*b - 8. Let p be w(-7). Let q be (-10)/55 - p/22. Calculate the remainder when 3 + -3 + q/3 is divided by 7.
6
Let s(n) be the second derivative of -2*n**3/3 - 5*n**2 - 18*n. What is the remainder when (0 - -1)/(3/54) is divided by s(-5)?
8
Let c(w) = w**3 + 2*w**2. Let y be c(2). Suppose 2*m + 10 = -y. Let s = 48 + m. What is the remainder when s is divided by 12?
11
What is the remainder when (9 + (-11 - -712))/(2*1) is divided by 36?
31
Suppose q + y = -y - 2, -2*q - 49 = -5*y. Let l(s) = -491*s**2 + 12*s + 250*s**2 + 5 + 242*s**2. What is the remainder when 24 is divided by l(q)?
4
Suppose 17*m - 52 = 271. Calculate the remainder when 81 is divided by m.
5
Let g be -1 + (1 - 1) - -4. Suppose g*a - 3*h = 48, 0 = -5*a + h + 28 + 64. Calculate the remainder when 55 is divided by a.
17
Let i = 23 + 9. Calculate the remainder when i is divided by 5.
2
Suppose -18 = 2*m - 5*m. What is the remainder when (5/10 + 1)/(15/80) is divided by m?
2
Let s = -188 + 222. Calculate the remainder when 93 is divided by s.
25
Let l(i) = -i**3 - 4*i**2 - 3*i + 4. Let g be l(-2). Suppose -6*y - g*o = -4*y - 28, 3*y - 34 = o. Calculate the remainder when 59 is divided by y.
11
Let j = 20 + 1. Suppose -7*p = -0*p - j. Suppose -y = -g + 3, 0 = -2*g + p*y + 3 - 1. What is the remainder when 41 is divided by g?
6
Suppose 14 = -o - 40. Calculate the remainder when o/((-2 - -1)*1) is divided by 14.
12
Let p(u) = u**3 - 10*u**2 + 9*u + 11. Calculate the remainder when (-6)/(-4) - 3/(36/(-210)) is divided by p(9).
8
Suppose -6*l + 58 = -104. Let i = -2 - -9. Calculate the remainder when l is divided by 141/21 + 2/i.
6
Suppose -3*t = -8*t + 90. Suppose -2*s = -y - s - 56, 3*s + 6 = 0. Let w = y - -91. What is the remainder when w is divided by t?
15
Suppose -5*n + 59 = 4*f, 0 = 5*f - 2*n - 2*n - 84. Suppose -15 = f*c - 13*c. Calculate the remainder when (5/c + 2)*33 is divided by 13.
7
Let c(x) = 20*x + 44. What is the remainder when 209 is divided by c(-1)?
17
Let b = -5 + 7. Suppose a - 69 = 5*u, b*a + u - 82 = -3*u. What is the remainder when a is divided by 13?
10
Suppose 0 = 76*a - 82*a + 3048. Calculate the remainder when a is divided by 17.
15
Suppose 649 = 6*p - 821. What is the remainder when p is divided by 8?
5
Suppose -24*o + 22*o - 250 = 0. What is the remainder when 88 is divided by 18/5*o/(-10)?
43
Let s(m) = -m**3 - m**2 - m + 1. Let x(r) = -7*r**3 - 34*r**2 - 34*r - 18. Let t(z) = -6*s(z) + x(z). What is the remainder when 14 is divided by t(-27)?
2
Suppose -2*s + 3*n + 190 = -85, 3*n + 553 = 4*s. Calculate the remainder when s is divided by 13.
9
Let p(j) = j + 2. Let d = 7 - 3. Suppose 14 = d*m - 34. Calculate the remainder when 41 is divided by p(m).
13
Suppose 11*w - 9*w - 44 = 0. Calculate the remainder when 42 is divided by w.
20
Suppose 4 + 14 = 3*q. Suppose 3*u = -5*o + 125, q = -6*o + 3*o. Let m(b) = 2*b + 70. What is the remainder when u is divided by m(-27)?
13
Suppose -5*o - 10 + 45 = 3*v, -5*o - v = -35. Suppose -o*y + 2*y + 10 = 0. Suppose m + 0*m = y. What is the remainder when m is divided by 1?
0
Let x(l) = -l**3 + 10*l**2 - 7*l + 6. What is the remainder when (-1334)/(-14) - (-3)/(42/(-4)) is divided by x(9)?
23
Suppose -2*h + 21 - 5 = 0. Let z(q) = 2*q**2 - h*q**3 - 11*q**3 + q**3 - 3*q**2. What is the remainder when 31 is divided by z(-1)?
14
Calculate the remainder when 94/141*(-5214)/(-4) is divided by 67.
65
Suppose 21 = 3*h + 5*q, -4*h - 1 = -3*q - 0*q. Suppose -4*v + 324 = h*v. Calculate the remainder when v is divided by 14.
12
Let z(i) = 21*i - 2. What is the remainder when z(4) is divided by 12?
10
Let k = -166 - -212. What is the remainder when 91 is divided by k?
45
Let g be (-3)/((-1)/(-4 + 1)). What is the remainder when ((-84)/(-10))/(1/5) is divided by (33/4*1)/(g/(-24))?
20
Let c(g) = 3*g**2 - 15*g + 73. What is the remainder when c(15) is divided by 15?
13
Suppose 3*w = u + 5, 5*w - 22 = -u + 5. Suppose -s + 64 = u*s. Calculate the remainder when s is divided by 5.
3
Let w be ((-15)/10)/(3/40). Let q = -23 - w. What is the remainder when 17 is divided by 6 + (-4 - -4 - q)?
8
What is the remainder when ((-6253)/(-74))/(2/4) is divided by 10?
9
Suppose -s = 11 + 33. Let d = -41 - s. What is the remainder when 7 is divided by d?
1
Let c = -159 + 182. Suppose -5*n + n = -4. What is the remainder when (-3 - 64)*(n + -2) is divided by c?
21
Let j(m) = -m + 4. Let p(s) = s. Let w(c) = -j(c) - 2*p(c). Let v(f) = 4*f - 1. What is the remainder when w(-9) is divided by v(1)?
2
Suppose -6*q + q + 40 = 0. Suppose 0 = -2*v + 34 + 4. Let c = -14 + v. What is the remainder when q is divided by c?
3
Let g(d) = -d + 3. Suppose 0 = -x + 5*x - 8. Let p be g(x). Let f(v) = 80*v**3 - v**2 + 3*v - 2. What is the remainder when f(p) is divided by 27?
26
Suppose -4*q + 36 = 12. Let a(t) = -t**2 + 88. Let c be a(0). Suppose 0*r + 4*r - c = 0. What is the remainder when r is divided by q?
4
Let u(z) = -z**3 + 9*z**2 + 3*z - 15. Let h be u(8). Let p = h - 20. Let f(v) = 15*v**2 - 1. What is the remainder when p is divided by f(-1)?
11
Suppose 3*p - 132 = -p. Let t = 8125 + -8118. Calculate the remainder when p is divided by t.
5
Suppose 0 = -4*w - 6*w + 290. What is the remainder when w is divided by 19?
10
Let z = -25 - -289. What is the remainder when z is divided by 7?
5
Let u(y) = 3*y - 2. Let b = -8 + 14. Suppose 0*i + 2*i - 5*q - 63 = 0, -5*q - 5 = 0. Calculate the remainder when i is divided by u(b).
13
Suppose 2375 = 9*d - 1. Suppose z - d = -7*z. What is the remainder when 64 is divided by z?
31
Calculate the remainder when (-2792)/(-6) - (-2)/6*2 is divided by 78.
76
Let d = -360 + 619. Calculate the remainder when d is divided by 52.
51
Suppose -2*h + 88 = -112. Calculate the remainder when h is divided by 12.
4
Suppose 3*n + 5 = -7. Let g(a) = 4*a**2 - 7*a - 8. Let z be g(n). What is the remainder when 1/(-7) + 180/z is divided by 2?
0
Let l be 2 - (3 - (-20)/2). Let t = 18 + l. Suppose 27 = 5*i - 58. Calculate the remainder when i is divided by t.
3
Let l(r) = -r**2 - r + 18. Suppose m - 9*f = -11*f + 66, 360 = 5*m - 5*f. Calculate the remainder when m is divided by l(0).
16
Let l(f) = -2*f**3 - 76*f**2 - 3*f - 87. Let x(p) = p**3 + p + 48. What is the remainder when x(0) is divided by l(-38)?
21
Let f(h) = h**2 - 9*h + 17. Let y be f(7). Suppose 4*o - 18 = -2*t, y*t - 15 = -0*t - 2*o. Calculate the remainder when 9 is divided by t.
0
Let k(c) = 11*c + 93. What is the remainder when k(-4) is divided by 15?
4
Suppose 4*x = 730 + 358. Suppose -5*p + 2*c = -275, -34*c + 36*c = 0. What is the remainder when x is divided by p?
52
Let k = -98 - -797. Calculate the remainder when k is divided by 70.
69
Let k = -237 + 262. Calculate the remainder when k is divided by 21.
4
Suppose 177 = 4*x - v, 6*v - 11*v + 195 = 4*x. What is the remainder when 404 is divided by x?
44
Let o(a) = -8 - a**2 - 3*a**3 - 9*a + 4*a**3 - a + 9*a**2. Let r be o(-9). Calculate the remainder when 9 is divided by (0 - -1) + r + 1.
0
Let j be (-1 + 49)*(-30)/(-45). Let y = 49 - j. What is the remainder when 67 is divided by y?
16
Let z(t) = 5*t + 3. Let y be z(6). What is the remainder when 87 is divided by ((54/(-8))/(y/88))/(-1)?
15
Let f(n) be the third derivative of n**4/24 + 10*n**3/3 - 15*n**2. Calculate the remainder when 27 is divided by f(-14).
3
Let q(w) = 13*w + 3. Let z(a) = 13*a + 3. Let c(g) = 2*q(g) - 3*z(g). Let s = 38 - 19. What is the remainder when c(-3) is divided by s?
17
Let k(w) be the second derivative of -13*w**3/6 - w**2 + 5*w. Calculate the remainder when k(-3) is divided by 13.
11
Let l(o) = -14*o**3 + 5*o**2 + 4*o - 1. Calculate the remainder when 40 is divided by l(-1).
12
Let i = -1 - -5. Suppose -102 = -i*q - d - d, 3*q - 2*d - 94 = 0. Calculate the remainder when 52 is divided by q.
24